{"id":5592,"date":"2016-12-05T09:17:34","date_gmt":"2016-12-05T09:17:34","guid":{"rendered":"https:\/\/www.kayo.se\/?page_id=5592"},"modified":"2024-07-03T17:46:47","modified_gmt":"2024-07-03T15:46:47","slug":"om","status":"publish","type":"page","link":"https:\/\/www.kayo.se\/?page_id=5592","title":{"rendered":"Om"},"content":{"rendered":"\t\t<div data-elementor-type=\"wp-page\" data-elementor-id=\"5592\" class=\"elementor elementor-5592\">\n\t\t\t\t<div class=\"elementor-element elementor-element-7b28d7e e-flex e-con-boxed e-con e-parent\" data-id=\"7b28d7e\" data-element_type=\"container\">\n\t\t\t\t\t<div class=\"e-con-inner\">\n\t\t\t\t<div class=\"elementor-element elementor-element-706f816 elementor-widget elementor-widget-spacer\" data-id=\"706f816\" data-element_type=\"widget\" data-widget_type=\"spacer.default\">\n\t\t\t\t<div class=\"elementor-widget-container\">\n\t\t\t<style>\/*! elementor - v3.22.0 - 26-06-2024 *\/\n.elementor-column .elementor-spacer-inner{height:var(--spacer-size)}.e-con{--container-widget-width:100%}.e-con-inner>.elementor-widget-spacer,.e-con>.elementor-widget-spacer{width:var(--container-widget-width,var(--spacer-size));--align-self:var(--container-widget-align-self,initial);--flex-shrink:0}.e-con-inner>.elementor-widget-spacer>.elementor-widget-container,.e-con>.elementor-widget-spacer>.elementor-widget-container{height:100%;width:100%}.e-con-inner>.elementor-widget-spacer>.elementor-widget-container>.elementor-spacer,.e-con>.elementor-widget-spacer>.elementor-widget-container>.elementor-spacer{height:100%}.e-con-inner>.elementor-widget-spacer>.elementor-widget-container>.elementor-spacer>.elementor-spacer-inner,.e-con>.elementor-widget-spacer>.elementor-widget-container>.elementor-spacer>.elementor-spacer-inner{height:var(--container-widget-height,var(--spacer-size))}.e-con-inner>.elementor-widget-spacer.elementor-widget-empty,.e-con>.elementor-widget-spacer.elementor-widget-empty{position:relative;min-height:22px;min-width:22px}.e-con-inner>.elementor-widget-spacer.elementor-widget-empty .elementor-widget-empty-icon,.e-con>.elementor-widget-spacer.elementor-widget-empty .elementor-widget-empty-icon{position:absolute;top:0;bottom:0;left:0;right:0;margin:auto;padding:0;width:22px;height:22px}<\/style>\t\t<div class=\"elementor-spacer\">\n\t\t\t<div class=\"elementor-spacer-inner\"><\/div>\n\t\t<\/div>\n\t\t\t\t<\/div>\n\t\t\t\t<\/div>\n\t\t\t\t\t<\/div>\n\t\t\t\t<\/div>\n\t\t<div class=\"elementor-element elementor-element-9bf5c12 e-con-full e-flex e-con e-parent\" data-id=\"9bf5c12\" data-element_type=\"container\">\n\t\t\t\t<div class=\"elementor-element elementor-element-679a99e elementor-widget elementor-widget-spacer\" data-id=\"679a99e\" data-element_type=\"widget\" data-widget_type=\"spacer.default\">\n\t\t\t\t<div class=\"elementor-widget-container\">\n\t\t\t\t\t<div class=\"elementor-spacer\">\n\t\t\t<div class=\"elementor-spacer-inner\"><\/div>\n\t\t<\/div>\n\t\t\t\t<\/div>\n\t\t\t\t<\/div>\n\t\t\t\t<div class=\"elementor-element elementor-element-fbb847b elementor-widget__width-initial elementor-widget elementor-widget-image\" data-id=\"fbb847b\" data-element_type=\"widget\" data-widget_type=\"image.default\">\n\t\t\t\t<div class=\"elementor-widget-container\">\n\t\t\t<style>\/*! elementor - v3.22.0 - 26-06-2024 *\/\n.elementor-widget-image{text-align:center}.elementor-widget-image a{display:inline-block}.elementor-widget-image a img[src$=\".svg\"]{width:48px}.elementor-widget-image img{vertical-align:middle;display:inline-block}<\/style>\t\t\t\t\t\t\t\t\t\t<img fetchpriority=\"high\" decoding=\"async\" width=\"1289\" height=\"245\" src=\"https:\/\/www.kayo.se\/wp-content\/uploads\/2024\/03\/Om_new_5.png\" class=\"attachment-full size-full wp-image-7634\" alt=\"\" srcset=\"https:\/\/www.kayo.se\/wp-content\/uploads\/2024\/03\/Om_new_5.png 1289w, https:\/\/www.kayo.se\/wp-content\/uploads\/2024\/03\/Om_new_5-300x57.png 300w, https:\/\/www.kayo.se\/wp-content\/uploads\/2024\/03\/Om_new_5-1024x195.png 1024w, https:\/\/www.kayo.se\/wp-content\/uploads\/2024\/03\/Om_new_5-768x146.png 768w, https:\/\/www.kayo.se\/wp-content\/uploads\/2024\/03\/Om_new_5-1000x190.png 1000w, https:\/\/www.kayo.se\/wp-content\/uploads\/2024\/03\/Om_new_5-600x114.png 600w\" sizes=\"(max-width: 1289px) 100vw, 1289px\" \/>\t\t\t\t\t\t\t\t\t\t\t\t\t<\/div>\n\t\t\t\t<\/div>\n\t\t\t\t<\/div>\n\t\t<div class=\"elementor-element elementor-element-f483a4e e-flex e-con-boxed e-con e-parent\" data-id=\"f483a4e\" data-element_type=\"container\">\n\t\t\t\t\t<div class=\"e-con-inner\">\n\t\t\t\t<div class=\"elementor-element elementor-element-2cf6b00 elementor-widget elementor-widget-spacer\" data-id=\"2cf6b00\" data-element_type=\"widget\" data-widget_type=\"spacer.default\">\n\t\t\t\t<div class=\"elementor-widget-container\">\n\t\t\t\t\t<div class=\"elementor-spacer\">\n\t\t\t<div class=\"elementor-spacer-inner\"><\/div>\n\t\t<\/div>\n\t\t\t\t<\/div>\n\t\t\t\t<\/div>\n\t\t\t\t\t<\/div>\n\t\t\t\t<\/div>\n\t\t<div class=\"elementor-element elementor-element-819643b e-flex e-con-boxed e-con e-parent\" data-id=\"819643b\" data-element_type=\"container\">\n\t\t\t\t\t<div class=\"e-con-inner\">\n\t\t\t\t<div class=\"elementor-element elementor-element-0811a8f elementor-widget elementor-widget-image\" data-id=\"0811a8f\" data-element_type=\"widget\" data-widget_type=\"image.default\">\n\t\t\t\t<div class=\"elementor-widget-container\">\n\t\t\t\t\t\t\t\t\t\t\t\t\t<img decoding=\"async\" width=\"930\" height=\"518\" src=\"https:\/\/www.kayo.se\/wp-content\/uploads\/2024\/03\/160229_Kayo_44A2486-scaled-e1711447785684-1024x570.jpg\" class=\"attachment-large size-large wp-image-7399\" alt=\"\" srcset=\"https:\/\/www.kayo.se\/wp-content\/uploads\/2024\/03\/160229_Kayo_44A2486-scaled-e1711447785684-1024x570.jpg 1024w, https:\/\/www.kayo.se\/wp-content\/uploads\/2024\/03\/160229_Kayo_44A2486-scaled-e1711447785684-300x167.jpg 300w, https:\/\/www.kayo.se\/wp-content\/uploads\/2024\/03\/160229_Kayo_44A2486-scaled-e1711447785684-768x428.jpg 768w, https:\/\/www.kayo.se\/wp-content\/uploads\/2024\/03\/160229_Kayo_44A2486-scaled-e1711447785684-1536x856.jpg 1536w, https:\/\/www.kayo.se\/wp-content\/uploads\/2024\/03\/160229_Kayo_44A2486-scaled-e1711447785684-1000x557.jpg 1000w, https:\/\/www.kayo.se\/wp-content\/uploads\/2024\/03\/160229_Kayo_44A2486-scaled-e1711447785684-345x192.jpg 345w, https:\/\/www.kayo.se\/wp-content\/uploads\/2024\/03\/160229_Kayo_44A2486-scaled-e1711447785684-690x384.jpg 690w, https:\/\/www.kayo.se\/wp-content\/uploads\/2024\/03\/160229_Kayo_44A2486-scaled-e1711447785684-1005x560.jpg 1005w, https:\/\/www.kayo.se\/wp-content\/uploads\/2024\/03\/160229_Kayo_44A2486-scaled-e1711447785684-600x334.jpg 600w, https:\/\/www.kayo.se\/wp-content\/uploads\/2024\/03\/160229_Kayo_44A2486-scaled-e1711447785684.jpg 1752w\" sizes=\"(max-width: 930px) 100vw, 930px\" \/>\t\t\t\t\t\t\t\t\t\t\t\t\t<\/div>\n\t\t\t\t<\/div>\n\t\t\t\t\t<\/div>\n\t\t\t\t<\/div>\n\t\t\t\t<section class=\"elementor-section elementor-top-section elementor-element elementor-element-1f59b740 elementor-section-height-min-height elementor-section-boxed elementor-section-height-default elementor-section-items-middle\" data-id=\"1f59b740\" data-element_type=\"section\">\n\t\t\t\t\t\t<div class=\"elementor-container elementor-column-gap-no\">\n\t\t\t\t\t<div class=\"elementor-column elementor-col-100 elementor-top-column elementor-element elementor-element-6c357864\" data-id=\"6c357864\" data-element_type=\"column\">\n\t\t\t<div class=\"elementor-widget-wrap elementor-element-populated\">\n\t\t\t\t\t\t<section class=\"elementor-section elementor-inner-section elementor-element elementor-element-6695d4e6 elementor-section-full_width elementor-section-height-default elementor-section-height-default\" data-id=\"6695d4e6\" data-element_type=\"section\">\n\t\t\t\t\t\t<div class=\"elementor-container elementor-column-gap-no\">\n\t\t\t\t\t<div class=\"elementor-column elementor-col-100 elementor-inner-column elementor-element elementor-element-35cce8a8\" data-id=\"35cce8a8\" data-element_type=\"column\">\n\t\t\t<div class=\"elementor-widget-wrap elementor-element-populated\">\n\t\t\t\t\t\t<div class=\"elementor-element elementor-element-63d23361 elementor-widget elementor-widget-text-editor\" data-id=\"63d23361\" data-element_type=\"widget\" data-widget_type=\"text-editor.default\">\n\t\t\t\t<div class=\"elementor-widget-container\">\n\t\t\t<style>\/*! elementor - v3.22.0 - 26-06-2024 *\/\n.elementor-widget-text-editor.elementor-drop-cap-view-stacked .elementor-drop-cap{background-color:#69727d;color:#fff}.elementor-widget-text-editor.elementor-drop-cap-view-framed .elementor-drop-cap{color:#69727d;border:3px solid;background-color:transparent}.elementor-widget-text-editor:not(.elementor-drop-cap-view-default) .elementor-drop-cap{margin-top:8px}.elementor-widget-text-editor:not(.elementor-drop-cap-view-default) .elementor-drop-cap-letter{width:1em;height:1em}.elementor-widget-text-editor .elementor-drop-cap{float:left;text-align:center;line-height:1;font-size:50px}.elementor-widget-text-editor .elementor-drop-cap-letter{display:inline-block}<\/style>\t\t\t\t<p><\/p>\n<p class=\"p1\"><span class=\"s1\">Kayo \u00e4r en stark personlighet inom n\u00f6jesbranschen. Vi k\u00e4nner igen henne genom sin m\u00f6rka, vackra r\u00f6st och hennes fantastiska energi som smittar av sig till hela publiken. <\/span><span class=\"s1\"><strong>Hon har under sina dryga 30 \u00e5r som artist<\/strong> varit aktuell som s\u00e5ngerska, sk\u00e5despelerska, k\u00f6rs\u00e5ngerska, dj, samt programledare. Alltid levererat med stor professionalism, mycket energi och framf\u00f6r allt gl\u00e4dje.<\/span><\/p>\n<p class=\"p2\"><span class=\"s2\">Ni har sett henne som <strong>programledare med Gunde Svan i F\u00e5ngarna p\u00e5 Fortet<\/strong>. Huvudrollen Angelica i filmen Pillertrillaren. Med sin egen grupp <strong>Le Click och La Bouche har hon turnerat i \u00f6ver 35 stater<\/strong> USA, Kanada och m\u00e5nga l\u00e4nder v\u00e4rlden \u00f6ver med publik p\u00e5 ibland 20 000. <strong>Melodifestivalvinnare med Afro-Dite 2002.<\/strong> Flera produktioner som sk\u00e5despelare i b.la<span class=\"Apple-converted-space\">&nbsp; <\/span>B.U.S. Cabaret p\u00e5 Norrbottensteatern den kritikerrosade En Druva i Solen. 2017 Taube Today p\u00e5 V\u00e4stmanlands Teatern och Uppsala Stadsteater. 2019 p\u00e5 Cirkus i upps\u00e4ttningen H\u00e4xorna i Eastwick i rollen som Alex. Rollerna har fortsatt rulla in och <strong>2021 fick Kayo anst\u00e4llning p\u00e5 Dramaten i Stockholm<\/strong> d\u00e4r hon gjorde succ\u00e9 som Camille i Bergets Topp \u00e4ven i en av<span class=\"Apple-converted-space\">&nbsp; <\/span>huvudrollerna i den nyskrivna pj\u00e4sen<span class=\"Apple-converted-space\">&nbsp; <\/span>Den Om\u00e4ttliga v\u00e4gen. Samtidigt kunde vi se henne p\u00e5 Stadsteatern som Leila Raggenau i Alexander M\u00f6rk &#8211; Eidems nytolkning av Cyrano. <\/span><\/p>\n<p class=\"p2\"><span class=\"s2\"><b>2022 Dramaten Bergets Topp &amp; Den Om\u00e4ttliga V\u00e4gen<\/b><\/span><\/p>\n<p class=\"p2\"><span class=\"s2\"><b>2022 Premi\u00e4r f\u00f6r svenska Dragrace Sweden d\u00e4r Kayo var en av Domarna. <\/b><\/span><\/p>\n<p class=\"p2\"><span class=\"s2\"><b>2023<span class=\"Apple-converted-space\">&nbsp; <\/span>Debut p\u00e5 Drottningholms Operan som Puck i<span class=\"Apple-converted-space\">&nbsp; <\/span>den internationella upps\u00e4ttningen av The Fairy Queen. <\/b><\/span><\/p>\n<p class=\"p2\"><span class=\"s2\"><b>2023 flera roller i Min Fantastiska V\u00e4ninna p\u00e5 Stadsteatern. <\/b><\/span><\/p>\n<p class=\"p1\"><span class=\"s1\"><b>N\u00e4sta \u00e5r sl\u00e4pper Kayo ny musik p\u00e5 sitt eget bolag samt en egen show d\u00e4r hon ber\u00e4ttar om sitt sp\u00e4nnande liv som artist under dryga 40 i Sverige och V\u00e4rlden.&nbsp;<\/b><\/span><\/p>\n<p class=\"p1\">\n<\/p>\t\t\t\t\t\t<\/div>\n\t\t\t\t<\/div>\n\t\t\t\t<div class=\"elementor-element elementor-element-35356805 elementor-align-center elementor-widget elementor-widget-button\" data-id=\"35356805\" data-element_type=\"widget\" data-widget_type=\"button.default\">\n\t\t\t\t<div class=\"elementor-widget-container\">\n\t\t\t\t\t<div class=\"elementor-button-wrapper\">\n\t\t\t<a class=\"elementor-button elementor-button-link elementor-size-md\" href=\"https:\/\/www.kayo.se\/?page_id=628\">\n\t\t\t\t\t\t<span class=\"elementor-button-content-wrapper\">\n\t\t\t\t\t\t\t\t\t<span class=\"elementor-button-text\">Kontakt<\/span>\n\t\t\t\t\t<\/span>\n\t\t\t\t\t<\/a>\n\t\t<\/div>\n\t\t\t\t<\/div>\n\t\t\t\t<\/div>\n\t\t\t\t\t<\/div>\n\t\t<\/div>\n\t\t\t\t\t<\/div>\n\t\t<\/section>\n\t\t\t\t\t<\/div>\n\t\t<\/div>\n\t\t\t\t\t<\/div>\n\t\t<\/section>\n\t\t<div class=\"elementor-element elementor-element-a3c5f7e e-flex e-con-boxed e-con e-parent\" data-id=\"a3c5f7e\" data-element_type=\"container\">\n\t\t\t\t\t<div class=\"e-con-inner\">\n\t\t\t\t<div class=\"elementor-element elementor-element-38c682f elementor-widget elementor-widget-image\" data-id=\"38c682f\" data-element_type=\"widget\" data-widget_type=\"image.default\">\n\t\t\t\t<div class=\"elementor-widget-container\">\n\t\t\t\t\t\t\t\t\t\t\t\t\t<img decoding=\"async\" width=\"807\" height=\"2560\" src=\"https:\/\/www.kayo.se\/wp-content\/uploads\/2024\/03\/CV-Svenska-AI-2024-scaled.jpg\" class=\"attachment-full size-full wp-image-7449\" alt=\"\" srcset=\"https:\/\/www.kayo.se\/wp-content\/uploads\/2024\/03\/CV-Svenska-AI-2024-scaled.jpg 807w, https:\/\/www.kayo.se\/wp-content\/uploads\/2024\/03\/CV-Svenska-AI-2024-95x300.jpg 95w, https:\/\/www.kayo.se\/wp-content\/uploads\/2024\/03\/CV-Svenska-AI-2024-323x1024.jpg 323w, https:\/\/www.kayo.se\/wp-content\/uploads\/2024\/03\/CV-Svenska-AI-2024-768x2435.jpg 768w, https:\/\/www.kayo.se\/wp-content\/uploads\/2024\/03\/CV-Svenska-AI-2024-484x1536.jpg 484w, https:\/\/www.kayo.se\/wp-content\/uploads\/2024\/03\/CV-Svenska-AI-2024-646x2048.jpg 646w, https:\/\/www.kayo.se\/wp-content\/uploads\/2024\/03\/CV-Svenska-AI-2024-2000x6341.jpg 2000w, https:\/\/www.kayo.se\/wp-content\/uploads\/2024\/03\/CV-Svenska-AI-2024-1800x5707.jpg 1800w, https:\/\/www.kayo.se\/wp-content\/uploads\/2024\/03\/CV-Svenska-AI-2024-177x560.jpg 177w, https:\/\/www.kayo.se\/wp-content\/uploads\/2024\/03\/CV-Svenska-AI-2024-600x1902.jpg 600w\" sizes=\"(max-width: 807px) 100vw, 807px\" \/>\t\t\t\t\t\t\t\t\t\t\t\t\t<\/div>\n\t\t\t\t<\/div>\n\t\t\t\t\t<\/div>\n\t\t\t\t<\/div>\n\t\t<div class=\"elementor-element elementor-element-6678e7a e-flex e-con-boxed e-con e-parent\" data-id=\"6678e7a\" data-element_type=\"container\">\n\t\t\t\t\t<div class=\"e-con-inner\">\n\t\t\t\t<div class=\"elementor-element elementor-element-dcbdb9b elementor-widget elementor-widget-spacer\" data-id=\"dcbdb9b\" data-element_type=\"widget\" data-widget_type=\"spacer.default\">\n\t\t\t\t<div class=\"elementor-widget-container\">\n\t\t\t\t\t<div class=\"elementor-spacer\">\n\t\t\t<div class=\"elementor-spacer-inner\"><\/div>\n\t\t<\/div>\n\t\t\t\t<\/div>\n\t\t\t\t<\/div>\n\t\t\t\t\t<\/div>\n\t\t\t\t<\/div>\n\t\t\t\t<\/div>\n\t\t","protected":false},"excerpt":{"rendered":"<p>Kayo \u00e4r en stark personlighet inom n\u00f6jesbranschen. Vi k\u00e4nner igen henne genom sin m\u00f6rka, vackra r\u00f6st och hennes fantastiska energi som smittar av sig till hela publiken. Hon har under sina dryga 30 \u00e5r som artist varit aktuell som s\u00e5ngerska, sk\u00e5despelerska, k\u00f6rs\u00e5ngerska, dj, samt programledare. Alltid levererat med stor professionalism, mycket energi och framf\u00f6r allt gl\u00e4dje. Ni har sett henne som programledare med Gunde Svan i F\u00e5ngarna p\u00e5 Fortet. Huvudrollen Angelica i filmen Pillertrillaren. Med [&hellip;]<\/p>\n","protected":false},"author":1,"featured_media":0,"parent":0,"menu_order":0,"comment_status":"closed","ping_status":"closed","template":"page-templates\/full-width-no-title.php","meta":{"_monsterinsights_skip_tracking":false,"_monsterinsights_sitenote_active":false,"_monsterinsights_sitenote_note":"","_monsterinsights_sitenote_category":0,"footnotes":""},"yoast_head":"<!-- This site is optimized with the Yoast SEO plugin v22.9 - https:\/\/yoast.com\/wordpress\/plugins\/seo\/ -->\n<title>Om - KAYO<\/title>\n<meta name=\"robots\" content=\"index, follow, max-snippet:-1, max-image-preview:large, max-video-preview:-1\" \/>\n<link rel=\"canonical\" href=\"https:\/\/www.kayo.se\/?page_id=5592\" \/>\n<meta property=\"og:locale\" content=\"sv_SE\" \/>\n<meta property=\"og:type\" content=\"article\" \/>\n<meta property=\"og:title\" content=\"Om - KAYO\" \/>\n<meta property=\"og:description\" content=\"Kayo \u00e4r en stark personlighet inom n\u00f6jesbranschen. Vi k\u00e4nner igen henne genom sin m\u00f6rka, vackra r\u00f6st och hennes fantastiska energi som smittar av sig till hela publiken. Hon har under sina dryga 30 \u00e5r som artist varit aktuell som s\u00e5ngerska, sk\u00e5despelerska, k\u00f6rs\u00e5ngerska, dj, samt programledare. Alltid levererat med stor professionalism, mycket energi och framf\u00f6r allt gl\u00e4dje. Ni har sett henne som programledare med Gunde Svan i F\u00e5ngarna p\u00e5 Fortet. Huvudrollen Angelica i filmen Pillertrillaren. Med [&hellip;]\" \/>\n<meta property=\"og:url\" content=\"https:\/\/www.kayo.se\/?page_id=5592\" \/>\n<meta property=\"og:site_name\" content=\"KAYO\" \/>\n<meta property=\"article:modified_time\" content=\"2024-07-03T15:46:47+00:00\" \/>\n<meta property=\"og:image\" content=\"https:\/\/www.kayo.se\/wp-content\/uploads\/2024\/03\/Om_new_5.png\" \/>\n<meta name=\"twitter:card\" content=\"summary_large_image\" \/>\n<meta name=\"twitter:label1\" content=\"Ber\u00e4knad l\u00e4stid\" \/>\n\t<meta name=\"twitter:data1\" content=\"2 minuter\" \/>\n<script type=\"application\/ld+json\" class=\"yoast-schema-graph\">{\"@context\":\"https:\/\/schema.org\",\"@graph\":[{\"@type\":\"WebPage\",\"@id\":\"https:\/\/www.kayo.se\/?page_id=5592\",\"url\":\"https:\/\/www.kayo.se\/?page_id=5592\",\"name\":\"Om - KAYO\",\"isPartOf\":{\"@id\":\"https:\/\/www.kayo.se\/#website\"},\"primaryImageOfPage\":{\"@id\":\"https:\/\/www.kayo.se\/?page_id=5592#primaryimage\"},\"image\":{\"@id\":\"https:\/\/www.kayo.se\/?page_id=5592#primaryimage\"},\"thumbnailUrl\":\"https:\/\/www.kayo.se\/wp-content\/uploads\/2024\/03\/Om_new_5.png\",\"datePublished\":\"2016-12-05T09:17:34+00:00\",\"dateModified\":\"2024-07-03T15:46:47+00:00\",\"breadcrumb\":{\"@id\":\"https:\/\/www.kayo.se\/?page_id=5592#breadcrumb\"},\"inLanguage\":\"sv-SE\",\"potentialAction\":[{\"@type\":\"ReadAction\",\"target\":[\"https:\/\/www.kayo.se\/?page_id=5592\"]}]},{\"@type\":\"ImageObject\",\"inLanguage\":\"sv-SE\",\"@id\":\"https:\/\/www.kayo.se\/?page_id=5592#primaryimage\",\"url\":\"https:\/\/www.kayo.se\/wp-content\/uploads\/2024\/03\/Om_new_5.png\",\"contentUrl\":\"https:\/\/www.kayo.se\/wp-content\/uploads\/2024\/03\/Om_new_5.png\",\"width\":1289,\"height\":245},{\"@type\":\"BreadcrumbList\",\"@id\":\"https:\/\/www.kayo.se\/?page_id=5592#breadcrumb\",\"itemListElement\":[{\"@type\":\"ListItem\",\"position\":1,\"name\":\"Home\",\"item\":\"https:\/\/www.kayo.se\/\"},{\"@type\":\"ListItem\",\"position\":2,\"name\":\"Om\"}]},{\"@type\":\"WebSite\",\"@id\":\"https:\/\/www.kayo.se\/#website\",\"url\":\"https:\/\/www.kayo.se\/\",\"name\":\"KAYO\",\"description\":\"\",\"publisher\":{\"@id\":\"https:\/\/www.kayo.se\/#organization\"},\"potentialAction\":[{\"@type\":\"SearchAction\",\"target\":{\"@type\":\"EntryPoint\",\"urlTemplate\":\"https:\/\/www.kayo.se\/?s={search_term_string}\"},\"query-input\":\"required name=search_term_string\"}],\"inLanguage\":\"sv-SE\"},{\"@type\":\"Organization\",\"@id\":\"https:\/\/www.kayo.se\/#organization\",\"name\":\"KAYO\",\"url\":\"https:\/\/www.kayo.se\/\",\"logo\":{\"@type\":\"ImageObject\",\"inLanguage\":\"sv-SE\",\"@id\":\"https:\/\/www.kayo.se\/#\/schema\/logo\/image\/\",\"url\":\"https:\/\/www.kayo.se\/wp-content\/uploads\/2015\/01\/Kayo_new-e1719427323246.png\",\"contentUrl\":\"https:\/\/www.kayo.se\/wp-content\/uploads\/2015\/01\/Kayo_new-e1719427323246.png\",\"width\":530,\"height\":211,\"caption\":\"KAYO\"},\"image\":{\"@id\":\"https:\/\/www.kayo.se\/#\/schema\/logo\/image\/\"}}]}<\/script>\n<!-- \/ Yoast SEO plugin. -->","yoast_head_json":{"title":"Om - KAYO","robots":{"index":"index","follow":"follow","max-snippet":"max-snippet:-1","max-image-preview":"max-image-preview:large","max-video-preview":"max-video-preview:-1"},"canonical":"https:\/\/www.kayo.se\/?page_id=5592","og_locale":"sv_SE","og_type":"article","og_title":"Om - KAYO","og_description":"Kayo \u00e4r en stark personlighet inom n\u00f6jesbranschen. Vi k\u00e4nner igen henne genom sin m\u00f6rka, vackra r\u00f6st och hennes fantastiska energi som smittar av sig till hela publiken. Hon har under sina dryga 30 \u00e5r som artist varit aktuell som s\u00e5ngerska, sk\u00e5despelerska, k\u00f6rs\u00e5ngerska, dj, samt programledare. Alltid levererat med stor professionalism, mycket energi och framf\u00f6r allt gl\u00e4dje. Ni har sett henne som programledare med Gunde Svan i F\u00e5ngarna p\u00e5 Fortet. Huvudrollen Angelica i filmen Pillertrillaren. Med [&hellip;]","og_url":"https:\/\/www.kayo.se\/?page_id=5592","og_site_name":"KAYO","article_modified_time":"2024-07-03T15:46:47+00:00","og_image":[{"url":"https:\/\/www.kayo.se\/wp-content\/uploads\/2024\/03\/Om_new_5.png"}],"twitter_card":"summary_large_image","twitter_misc":{"Ber\u00e4knad l\u00e4stid":"2 minuter"},"schema":{"@context":"https:\/\/schema.org","@graph":[{"@type":"WebPage","@id":"https:\/\/www.kayo.se\/?page_id=5592","url":"https:\/\/www.kayo.se\/?page_id=5592","name":"Om - KAYO","isPartOf":{"@id":"https:\/\/www.kayo.se\/#website"},"primaryImageOfPage":{"@id":"https:\/\/www.kayo.se\/?page_id=5592#primaryimage"},"image":{"@id":"https:\/\/www.kayo.se\/?page_id=5592#primaryimage"},"thumbnailUrl":"https:\/\/www.kayo.se\/wp-content\/uploads\/2024\/03\/Om_new_5.png","datePublished":"2016-12-05T09:17:34+00:00","dateModified":"2024-07-03T15:46:47+00:00","breadcrumb":{"@id":"https:\/\/www.kayo.se\/?page_id=5592#breadcrumb"},"inLanguage":"sv-SE","potentialAction":[{"@type":"ReadAction","target":["https:\/\/www.kayo.se\/?page_id=5592"]}]},{"@type":"ImageObject","inLanguage":"sv-SE","@id":"https:\/\/www.kayo.se\/?page_id=5592#primaryimage","url":"https:\/\/www.kayo.se\/wp-content\/uploads\/2024\/03\/Om_new_5.png","contentUrl":"https:\/\/www.kayo.se\/wp-content\/uploads\/2024\/03\/Om_new_5.png","width":1289,"height":245},{"@type":"BreadcrumbList","@id":"https:\/\/www.kayo.se\/?page_id=5592#breadcrumb","itemListElement":[{"@type":"ListItem","position":1,"name":"Home","item":"https:\/\/www.kayo.se\/"},{"@type":"ListItem","position":2,"name":"Om"}]},{"@type":"WebSite","@id":"https:\/\/www.kayo.se\/#website","url":"https:\/\/www.kayo.se\/","name":"KAYO","description":"","publisher":{"@id":"https:\/\/www.kayo.se\/#organization"},"potentialAction":[{"@type":"SearchAction","target":{"@type":"EntryPoint","urlTemplate":"https:\/\/www.kayo.se\/?s={search_term_string}"},"query-input":"required name=search_term_string"}],"inLanguage":"sv-SE"},{"@type":"Organization","@id":"https:\/\/www.kayo.se\/#organization","name":"KAYO","url":"https:\/\/www.kayo.se\/","logo":{"@type":"ImageObject","inLanguage":"sv-SE","@id":"https:\/\/www.kayo.se\/#\/schema\/logo\/image\/","url":"https:\/\/www.kayo.se\/wp-content\/uploads\/2015\/01\/Kayo_new-e1719427323246.png","contentUrl":"https:\/\/www.kayo.se\/wp-content\/uploads\/2015\/01\/Kayo_new-e1719427323246.png","width":530,"height":211,"caption":"KAYO"},"image":{"@id":"https:\/\/www.kayo.se\/#\/schema\/logo\/image\/"}}]}},"_links":{"self":[{"href":"https:\/\/www.kayo.se\/index.php?rest_route=\/wp\/v2\/pages\/5592"}],"collection":[{"href":"https:\/\/www.kayo.se\/index.php?rest_route=\/wp\/v2\/pages"}],"about":[{"href":"https:\/\/www.kayo.se\/index.php?rest_route=\/wp\/v2\/types\/page"}],"author":[{"embeddable":true,"href":"https:\/\/www.kayo.se\/index.php?rest_route=\/wp\/v2\/users\/1"}],"replies":[{"embeddable":true,"href":"https:\/\/www.kayo.se\/index.php?rest_route=%2Fwp%2Fv2%2Fcomments&post=5592"}],"version-history":[{"count":7,"href":"https:\/\/www.kayo.se\/index.php?rest_route=\/wp\/v2\/pages\/5592\/revisions"}],"predecessor-version":[{"id":8347,"href":"https:\/\/www.kayo.se\/index.php?rest_route=\/wp\/v2\/pages\/5592\/revisions\/8347"}],"wp:attachment":[{"href":"https:\/\/www.kayo.se\/index.php?rest_route=%2Fwp%2Fv2%2Fmedia&parent=5592"}],"curies":[{"name":"wp","href":"https:\/\/api.w.org\/{rel}","templated":true}]}}